k(u).
2
Suppose -4*g = -g - 9. Let s = g + -3. Suppose 10*x - 5*x - 5*j + 15 = 0, s = x - 4*j - 3. Let k(a) = -a**2 - 5*a - 5. Calculate k(x).
-5
Let w(m) = -m**3 + m**2 + m + 3. Let v(f) = -3*f**3 + 2*f**2 + 2*f + 10. Let y(z) = -2*v(z) + 7*w(z). Calculate y(4).
-3
Let l = 166 + -157. Let o(v) = -v**3 + 9*v**2 - v + 14. Determine o(l).
5
Suppose 13*q = -167 + 154. Let d(l) = 36*l**3 + l**2 + l + 1. Calculate d(q).
-35
Let r(t) = -t**3 + 5*t**2 + 4*t - 8. Let v(s) = s**3 - 5*s**2 - 5*s + 9. Let o(q) = q**2 + 6*q + 4. Let g be o(-6). Let i(p) = g*r(p) + 3*v(p). What is i(5)?
0
Suppose 2 + 0 = -x. Let z be (-1 + 2)/(x/8). Let y(v) = -3 + 7 + v + 2*v + 0. Give y(z).
-8
Let s(u) = -2*u + 4. Let v(t) = -10*t + 1. Let h be v(-4). Suppose -7*y = -106 - h. Let w(b) = b**2 - 21*b + 3. Let j be w(y). Calculate s(j).
-2
Suppose -3*o = -2*o - 3. Let q(t) be the third derivative of 0 + 0*t + 11*t**2 + 1/2*t**3 - 1/8*t**4. What is q(o)?
-6
Let n be (3 - 3)/(1 - 2). Let k = 13 - 9. Let i(d) = k - 6 - 8*d + 9*d. Determine i(n).
-2
Let j(x) = 4*x**3 + 2*x**2 - 1. Let w = 104 - 103. What is j(w)?
5
Let m(r) = r**2 - 6*r - 3. Suppose 240 = 11*d + 163. Give m(d).
4
Let x(n) = n**2 + 3*n. Let b(q) = -3*q**2 - 10*q - 8. Let m(a) = -b(a) - 4*x(a). Determine m(4).
-16
Suppose 0 = 6*n + 17 - 89. Suppose -9 - n = -3*f. Let s(z) = -z**2 + 9*z - 7. Calculate s(f).
7
Let a(r) be the third derivative of r**9/60480 - r**8/2520 - r**7/560 + r**6/120 - 11*r**5/20 - 35*r**2. Let w(t) be the third derivative of a(t). Give w(9).
6
Let m(q) be the third derivative of 0 - 1/20*q**5 + 0*q - 6*q**2 - 1/120*q**6 - 1/12*q**4 + 1/6*q**3. Let u = 93 - 96. What is m(u)?
7
Let o(w) be the first derivative of 14/3*w**3 - w + 30 + w**2. Let u be 10/6 - 2/3. Give o(u).
15
Let s(w) = -7*w - w + 10*w - 12 - 3. Give s(7).
-1
Suppose -4*y - 3*g = -y + 6, 14 = 5*y - g. Let c(q) = -6*q**2 - 5*q - 3. Let b(h) = 2*h**2 + 2*h + 1. Let v(w) = y*c(w) + 7*b(w). What is v(-4)?
17
Let z(m) = -89 + m**2 + 34 + 57 + 0*m**2 - 13*m + 24. Calculate z(11).
4
Let f(q) be the third derivative of q**5/30 + q**4/24 - 2*q**3/3 + 44*q**2. What is f(-3)?
11
Let j = -3 + 5. Let d(z) = 4*z**3 - j*z**3 + 7*z + z**3 - 4*z**3 - 3 + 4*z**2. Suppose 4*v - 8 = 12. Give d(v).
7
Let a(s) = -s + 2. Let r = 238 + -243. Calculate a(r).
7
Let y(i) = 17*i + 91. Let s be y(-5). Let p(q) = q. Determine p(s).
6
Let i(r) = -r. Let a(p) = -7*p + 24. Let v(w) = -6*w + 18. Let n(b) = 3*a(b) - 4*v(b). Let q = 9 - 16. Let m(k) = q*i(k) - 4*n(k). Determine m(-1).
5
Let v be (-68)/11 + (-28)/(-154). Let i be 128/(-40) - (1 + v/5). Let b(h) = -h - 7. Let k(u) = 1. Let q(d) = b(d) + 3*k(d). Determine q(i).
-1
Let q(r) = r + 1. Let l = 11 + -13. Let d be l/(-13) + (-80)/13. Let p be 52/12 + d/(-9). Determine q(p).
6
Let n(x) = -4*x**3 - 24*x**2 - 31*x + 8. Let o(l) = -l**3 - 6*l**2 - 7*l + 2. Let v(a) = -2*n(a) + 9*o(a). Calculate v(-5).
-18
Let y(c) = 6 + 3 + 8*c - 11 - 20*c. Calculate y(-1).
10
Let b(o) = -3*o - 3. Suppose -3*a + 5 + 1 = 0. Suppose -10 = -y - k, 2*y + y - 10 = a*k. Determine b(y).
-21
Let x(s) = -58 + 25 + s**3 + 27 - 3*s + 2*s**2. Let a(l) = -l**2 + l + 1. Let o(b) = 4*a(b) + x(b). Determine o(2).
0
Let o(u) = -1. Let a(b) = 2*b. Let s(y) = -a(y) - 5*o(y). Let c be s(0). Let l = c + -7. Let d(w) = w**2 - 2*w - 3. Determine d(l).
5
Let m(j) = 5*j + 12. Let p be m(-3). Let v(t) be the third derivative of -5*t**4/24 - t**3/6 - 11*t**2. Determine v(p).
14
Let s(t) = -t**2 + 4*t + 8. Let w(r) = -r**2 - 17*r - 1. Let j(y) = 4*y**2 + 69*y + 3. Let d(z) = -4*j(z) - 18*w(z). Let o be d(-15). What is s(o)?
-4
Let y(z) = -z**2 + 25*z - z**2 - 26*z - 3. Give y(-2).
-9
Let s(j) = -11*j - 11*j + 30*j. Give s(-1).
-8
Let s(x) = x**2 + 10*x + 15. Let q be s(-7). Let w(n) = n**3 + 6*n**2 - 2*n + 6. Determine w(q).
18
Let c(x) = -x**3 + 2*x + 2. Let w(f) = -4*f**3 - 7*f**2 + 2*f + 2. Let n(j) = -3*c(j) + w(j). Give n(-6).
-16
Let k be 437/(-399) - 8/(-84). Let c(p) = -14*p**3 - 2*p**2 + 2. Give c(k).
14
Let k be ((-2)/(-1) - -3)*1. Let r(n) = -5*n + 2*n + 1 - n**2 - k*n. Suppose u + 8 = -2*w, -5*u + 2*u = 5*w + 18. What is r(w)?
13
Let i(u) = 4*u**3 - 2*u**2 + 1. Suppose -s + 8834 - 8832 = 0. Calculate i(s).
25
Let y(l) = -7*l - 6. Let x(i) = -8*i - 5. Let f(t) = -5*x(t) + 4*y(t). Let g(r) = r**2 - 3*r - 27. Let p be g(7). Give f(p).
13
Let y(b) = 12*b**2 + 9*b + 17. Let x(f) = 19*f**2 + 13*f + 27. Let a(i) = 5*x(i) - 8*y(i). Suppose -3 = -4*v + 1. Let r be (v + 1)*15/(-5). What is a(r)?
5
Let x(g) = -g**3 + 6*g**2 - 2*g - 4. Let k = -623 + 628. Give x(k).
11
Let b(s) = s**2 - 38*s - 4. Let o(u) = u**2 - 43*u - 5. Let v(q) = -7*b(q) + 6*o(q). Suppose z = 5*z - 28. Calculate v(z).
5
Let i(a) = a - 6*a + 2 - 4*a**2 + 0*a - 2*a + a**3. Suppose -5*k = -5*v, v = -3*k + k + 15. What is i(v)?
-8
Let s be (325/(-52))/((-25)/40). Let h(x) = -x**2 + 12*x + 2. What is h(s)?
22
Let f(u) = 9*u + 1. Let v = 103 - 102. Determine f(v).
10
Let a(z) = -z**3 - 6*z**2 + 5*z - 8. Let n be (-1)/(-2)*4*21/(-6). Calculate a(n).
6
Let d be -9*(-5 - (-1 + -5)). Let f(c) = -c**3 - 8*c**2 + 8*c + 10. What is f(d)?
19
Let d(g) be the third derivative of g**7/720 - g**6/240 - 11*g**5/60 + 8*g**2. Let u(p) be the third derivative of d(p). Give u(2).
11
Let a(t) be the second derivative of 17*t + 1/2*t**2 - 1/12*t**4 + 2/3*t**3 + 0. What is a(5)?
-4
Let f(b) = -7 + 6 + 13 + 17 - 3*b. What is f(8)?
5
Let c be 1/(-4) + (-26)/(-8). Let t(g) = -g**2 - 2 - c*g + 2 + 3. Suppose -k + q - 7 = 0, -3*k + 340*q - 336*q - 25 = 0. Calculate t(k).
3
Let p(n) be the third derivative of n**6/120 - n**5/60 + n**4/6 - n**3/2 - 400*n**2. What is p(4)?
61
Let f(w) be the third derivative of -1/6*w**3 + 1/120*w**6 + 0 - 28*w**2 - 1/8*w**4 + 0*w - 1/15*w**5. Give f(5).
9
Let l = -39 - -39. Let q(t) = -4*t + 3 - 19 + l*t - t**2 + 3*t. Let z = -2 - -2. Determine q(z).
-16
Let r(o) = 4*o + 3*o**2 - 14*o + 9*o - 7*o**2. What is r(-2)?
-14
Let z(a) = 3*a**2 + 5*a + 3. Let l = 83 - 86. Determine z(l).
15
Let s(q) = -q**2 + 7*q - 1. Let l(w) = w**3 - 5*w**2 - 6*w + 7. Let x be (0 + -7)*6/(-7). Let u be l(x). Give s(u).
-1
Let f(s) be the first derivative of 5*s**2 - 5*s - 212. Give f(6).
55
Suppose 4*x + 9 = s, -6*x - 8 = -3*x - s. Let b(q) = -9*q + 2. What is b(x)?
11
Let f(x) = -x**2 + 4*x - 3. Let h(a) = a - 1. Let k(g) = -f(g) + 6*h(g). Let j be (-3 - -1) + 4/4. Let b = -5 - j. Give k(b).
5
Let o(t) be the third derivative of t**5/60 - t**4/12 + t**3/2 - 63*t**2. Give o(-3).
18
Let m(k) = -7*k + 2. Let p(b) = -38*b + 10. Let u(g) = 11*m(g) - 2*p(g). Let y = 11 + -7. Suppose 3*o - 6 - 21 = 4*q, -q - 10 = -y*o. Give u(q).
8
Let m(j) = -5*j**2 + 9 - 2 - 3 + j**3 - 3*j + j**3 - 3*j**3. Determine m(-5).
19
Let c(u) = -u**2 + 5*u - 5. Let k = 69 + -47. Let t = -17 + k. Calculate c(t).
-5
Let b be (-3)/(6/(-161)) + (-1)/(-2). Suppose -v - 77 = -b. Let n(d) = -2*d + 3. What is n(v)?
-5
Let n(j) = j**3 - 4*j**2 + j - 5. Let i(g) = -g**3 + 3*g**2 - g + 15. Let m be i(3). Suppose 25*w = 28*w - m. Calculate n(w).
-1
Let q(r) = 12*r. Suppose -g + 8 = -0*a + 2*a, -3*a + 10 = g. Let m(z) = 61*z - 1. Let p(f) = a*m(f) - 11*q(f). Determine p(2).
-22
Suppose -31*a = -21*a. Let h(p) = p**3 + p**2 - p + 1. Calculate h(a).
1
Let d = -57 + 49. Let l(b) = -2 - 2 + b + 12. What is l(d)?
0
Suppose -4*b = 3*x - 25 + 132, -3*x - 130 = 5*b. Let q(j) = 3*j + 75. Give q(b).
6
Let i(z) = 6*z - 4 - 7*z - 6*z**2 + 5*z**2 + 13*z. Give i(9).
23
Let q(p) = 3 + 33*p**2 + 4 + 7*p - 34*p**2. Determine q(8).
-1
Let q(k) = -4*k + 2. Let o(y) = -3*y - 26. Let w(a) = 2*o(a) - 2*q(a). What is w(26)?
-4
Let m = -812 - -830. Let j(k) = -k**3 + 17*k**2 + 18*k + 4. Give j(m).
4
Let j(h) = -3*h - 3. Let w be j(-6). Suppose -2*g - w = -5*g. Let k(i) = 5 + i - 1 - g - 15*i. What is k(-1)?
13
Let o(t) = 6*t - 15. Let z(w) be the second derivative of 5*w**3/6 - 13*w**2/2 - 2*w - 40. Let p(j) = 4*o(j) - 5*z(j). Determine p(11).
-6
Let b(l) = 3 + 3*l - l - 4 - 1. What is b(-5)?
-12
Let w(h) be the third derivative of h**6/240 - h**5/60 + h**4/6 - 11*h**2. Let p(r) be the second derivative of w(r). Determine p(6).
16
Let s(u) = 52*u - 5 - 57*u + 10. Let g(l) = l**3 + 15*l**2 + 26*l + 2. Let i be g(-13). What is s(i)?
-5
Let c(h) = h + 6. Let a(x) = -